0. Give f(-3).
-2
Let q(r) = -12*r - 3. Determine q(-2).
21
Let k(v) = -15*v**2 + 2*v - 1. Calculate k(1).
-14
Let s(o) = -o**2 + 4*o + 13. Determine s(7).
-8
Let r(y) = 40*y**2 + 3*y + 2. Give r(-1).
39
Let w(x) = x - 3. What is w(-2)?
-5
Let s(x) = -x**3 + 15*x**2 - 6*x - 29. Calculate s(15).
-119
Let q(i) = -3*i - 39. Give q(-11).
-6
Let n(b) = b**3 + 6*b**2 + b + 4. Give n(-5).
24
Let z(q) = -5*q - 21. Give z(-6).
9
Let j(m) = -m**3 - 49*m**2 - 94*m + 8. Give j(-47).
8
Let m(x) = -x**2 - 4*x + 9. What is m(-7)?
-12
Let m(v) = -7*v**2 + 138*v + 32. Calculate m(20).
-8
Let l(a) = -45*a + 2. What is l(-1)?
47
Let a(f) = -3*f**2 - 8*f + 69. What is a(4)?
-11
Let z(i) = -i**3 - 16*i**2 + 8. What is z(-16)?
8
Let i(j) = j**3 - 18*j**2 - 49*j + 174. What is i(20)?
-6
Let h(l) = 36*l + 433. Give h(-12).
1
Let k(t) = -t**2 - 6*t + 39. Give k(-10).
-1
Let n(s) = 2*s**2 + 15*s + 16. Calculate n(-6).
-2
Let t(w) = w - 7. What is t(14)?
7
Let p(w) = -21*w + 4. Determine p(2).
-38
Let d(l) = 2*l**2 - 2*l + 3. Give d(3).
15
Let d(r) = r**2 + 12*r + 8. Give d(-4).
-24
Let f(y) = y**3 - 8*y**2 + 3*y + 16. Determine f(7).
-12
Let n(b) = b**2 - 8*b + 10. What is n(7)?
3
Let b(g) = g**3 - 21*g**2 - 23*g + 32. Calculate b(22).
10
Let d(f) = -f**2 - 14*f - 1. What is d(-14)?
-1
Let a(s) = -s**3 - 11*s**2 - 19*s + 3. Give a(-9).
12
Let l(f) = f + 22. Calculate l(17).
39
Let b(y) = -y + 2. Calculate b(6).
-4
Let s(y) = y**3 - 30*y**2 + 52*y + 102. Calculate s(28).
-10
Let l(m) = 61*m - 666. Calculate l(11).
5
Let o(z) = -z**3 - 7*z**2 - 7*z - 2. What is o(-6)?
4
Let m(v) = v**2 + 22*v + 85. What is m(-18)?
13
Let v(p) = p**2 - 2*p - 6. Determine v(5).
9
Let x(w) = w**3 + 8*w**2 + 3*w - 5. Give x(-6).
49
Let t(w) = -w. Calculate t(0).
0
Let r(x) = -x**2 + 45*x + 312. What is r(-6)?
6
Let r(h) = -h**2 + 18*h - 37. What is r(13)?
28
Let m(g) = -g**3 + 5*g**2 + 7*g - 34. Determine m(7).
-83
Let i(m) = m**3 - 4*m**2 + 3*m - 4. Give i(3).
-4
Let d(o) = o**3 + 4*o**2 - 6*o - 14. What is d(-5)?
-9
Let j(x) = x**3 + 17*x**2 - 2*x - 32. Give j(-17).
2
Let z(b) = b**3 - 10*b**2 + 12*b + 8. Give z(8).
-24
Let d(v) = v**3 + 7*v**2 + 8*v + 6. What is d(-5)?
16
Let r(z) = -z**3 - 4*z**2 + z + 3. Calculate r(-3).
-9
Let i(h) = -8*h - 3. Give i(-1).
5
Let n(t) = t**3 - 27*t**2 + 23*t + 79. Determine n(26).
1
Let p(x) = -2*x**3 - 48*x**2 + 47*x - 107. What is p(-25)?
-32
Let q(u) = u**2 - 7*u - 17. Give q(-6).
61
Let b(k) = k**3 - 9*k**2 + k - 7. What is b(9)?
2
Let c(u) = u**3 - 6*u**2 + 4*u + 8. Give c(4).
-8
Let u(j) = -3*j**3 - 2*j**2 - j - 4. Calculate u(-2).
14
Let r(n) = 58*n + 177. Give r(-3).
3
Let m(t) = -t - 9. What is m(-7)?
-2
Let x(s) = -s**2 - 22*s + 108. Give x(-26).
4
Let g(o) = 6*o - 19. Give g(4).
5
Let s(j) = j**3 + 11*j**2 + 16*j - 2. Give s(-7).
82
Let p(h) = -2*h**2 - 17*h + 10. Determine p(-9).
1
Let l(o) = -o**3 - 7*o**2 - 6*o - 5. Determine l(-6).
-5
Let o(d) = -d**2 - 18*d - 19. What is o(-17)?
-2
Let v(a) = 2*a**2 - 9. Give v(-3).
9
Let i(m) = m**3 + 10*m**2 - 13*m + 6. What is i(-11)?
28
Let x(a) = a**2 + 19*a + 70. Determine x(-9).
-20
Let g(a) = -a**3 + 4*a**2 + 3*a - 6. Calculate g(2).
8
Let s(g) = 3*g**2 - 15*g + 6. What is s(5)?
6
Let h(p) = -p**2 - 9*p + 2. Determine h(-4).
22
Let x(v) = v**3 - 9*v**2 - 10*v + 5. Calculate x(10).
5
Let v(j) = j**2. What is v(0)?
0
Let o(v) = -2*v**2 + 21*v - 52. What is o(6)?
2
Let t(i) = -i**3 - 5*i**2 - 2*i - 5. Give t(-5).
5
Let z(r) = -r**3 - 19*r**2 - 17*r + 25. Calculate z(-18).
7
Let z(y) = 3*y - 32. Determine z(13).
7
Let m(b) = b**3 - b**2 + 3*b + 3. What is m(4)?
63
Let z(j) = -j**3 - 6*j**2 + 4*j + 2. Calculate z(-7).
23
Let j(a) = -3*a**3 + 1. Give j(-1).
4
Let o(i) = i**3 + 3*i**2 - 3*i + 4. Calculate o(2).
18
Let a(r) = -4*r + 9. Determine a(-3).
21
Let d(i) = -i**2 - 5*i - 9. Give d(-6).
-15
Let g(s) = -s**2 + 9*s - 16. Give g(9).
-16
Let f(q) = 13*q + 11. Give f(2).
37
Let u(v) = -v**3 - 12*v**2 + 27*v - 17. Calculate u(-14).
-3
Let i(k) = k**3 + 12*k**2 - 12*k + 48. What is i(-13)?
35
Let r(n) = -n**3 - 9*n**2 - 12*n - 10. What is r(-8)?
22
Let z(d) = -7*d + 3. Calculate z(6).
-39
Let q(s) = -s**2 + 8*s - 6. Give q(6).
6
Let m(d) = 4*d**3 - 3*d**2 - 4*d + 4. Give m(2).
16
Let c(n) = -2*n**2 + 60*n - 9. Give c(30).
-9
Let h(n) = 12*n + 2. Calculate h(2).
26
Let s(u) = u**3 - 17*u**2 + 29*u + 11. Give s(15).
-4
Let k(b) = b**3 - 4*b**2 - 3*b - 4. Determine k(4).
-16
Let j(v) = -4*v**3 + 3*v**2 - 9*v - 10. Give j(-1).
6
Let p(n) = 2*n**2 - 5*n - 8. Calculate p(5).
17
Let c(r) = r**2 - 8*r + 3. Calculate c(5).
-12
Let h(y) = y**2 + 13*y - 20. What is h(-13)?
-20
Let a(g) = g - 3. Calculate a(10).
7
Let p(k) = -k**3 - 4*k**2 + 2. Give p(-4).
2
Let v(k) = -k - 7. Calculate v(-1).
-6
Let o(k) = -10*k**3 + 3*k**2 - 3. Give o(-1).
10
Let o(l) = -l**3 + 8*l**2 + 18*l + 13. Give o(10).
-7
Let s(b) = -b - 6. What is s(-3)?
-3
Let w(j) = j**3 - 7*j**2 + 4*j - 1. Give w(5).
-31
Let j(i) = i**3 - 20*i**2 + 18*i + 7. What is j(19)?
-12
Let l(c) = -c**2 + 14*c - 23. Give l(6).
25
Let p(m) = m**2 + 17*m - 58. Give p(-19).
-20
Let q(m) = -m**2 + 22*m - 13. Determine q(21).
8
Let p(y) = 51*y - 1. What is p(-1)?
-52
Let k(u) = -9*u**3 + 4*u + 4. Give k(-1).
9
Let u(y) = y**2 + 5*y - 5. Determine u(-8).
19
Let x(w) = -w**2 - 19*w - 42. What is x(-17)?
-8
Let d(w) = w**3 - 4*w**2 - 16*w - 37. Give d(7).
-2
Let r(b) = -6*b + 20. What is r(13)?
-58
Let d(f) = f**2 - 4*f + 4. Calculate d(-3).
25
Let m(g) = g**2 + g - 10. Give m(3).
2
Let p(m) = -m - 6. Determine p(-9).
3
Let w(y) = y**2 + 6*y - 4. Give w(11).
183
Let l(y) = y**2 + 40*y - 87. What is l(-42)?
-3
Let n(z) = -25*z**2 - z - 1. What is n(-1)?
-25
Let t(o) = -2*o - 12. Determine t(-26).
40
Let r(b) = -16*b**2 - 5*b - 4. Determine r(-1).
-15
Let u(h) = h**3 + 2*h**2 + h - 15. Calculate u(0).
-15
Let m(a) = a**3 - 5*a**2 + 3*a - 73. Determine m(6).
-19
Let l(q) = q**3 + 6*q**2 - 4*q - 13. Determine l(-5).
32
Let w(n) = n**2 - 3*n - 4. Determine w(6).
14
Let n(g) = 41*g + 41. Determine n(-1).
0
Let s(z) = -3*z - 1. Give s(3).
-10
Let c(j) = j**2 + 8*j - 21. What is c(-9)?
-12
Let u(f) = -f**3 - 17*f**2 - 75*f - 19. Give u(-8).
5
Let b(z) = -3*z - 32. Determine b(-13).
7
Let d(b) = 76*b + 534. Give d(-7).
2
Let o(k) = 2*k - 8. What is o(-6)?
-20
Let u(k) = -5*k - 2. Give u(10).
-52
Let y(w) = -65*w**2 - 2*w + 1. Determine y(1).
-66
Let w(n) = -n**3 + 7*n**2 - 8*n + 5. What is w(6)?
-7
Let l(h) = -3*h - 3. Give l(-2).
3
Let x(b) = b**3 - 10*b**2 - 4*b + 16. Give x(10).
-24
Let d(c) = -17*c + 46. What is d(3)?
-5
Let m(v) = -v**2 - 19*v + 114. What is m(5)?
-6
Let t(k) = -k**3 - 4*k**2 - 4*k - 2. Give t(-3).
1
Let x(s) = -s**2 + 12*s + 98. Give x(-8).
-62
Let h(r) = 16*r + 19. What is h(-8)?
-109
Let j(a) = a**2 + 74*a + 392. What is j(-6)?
-16
Let w(z) = z - 4. Calculate w(-14).
-18
Let p(l) = -l**3 + 17*l**2 + 37*l + 20. Calculate p(19).
1
Let w(h) = -8*h + 55. Calculate w(6).
7
Let m(j) = -42*j - 305. Give m(-7).
-11
Let d(a) = 29*a + 13. Determine d(-1).
-16
Let a(n) = -n**2 + 13*n + 1. Give a(13).
1
Let h(o) = -2*o**2 - 22*o + 1. Calculate h(-11).
1
Let n(x) = 7*x + 1. Determine n(0).
1
Let b(f) = f**3 + 13*f**2 - f - 6. Calculate b(-13).
7
Let h(q) = 3*q + 12. Give h(-4).
0
Let n(w) = -w**3 + w + 68. Calculate n(0).
68
Let s(d) = -d**2 - 7*d + 4. What is s(-6)?
10
Let p(s) = -s**3 + 3*s**2 - 11*s - 3. What is p(5)?
-108
Let i(v) = v**2 + 17*v - 9. Give i(-21).
75
Let b(t) = -3*t**3 - 2*t - 1. What is b(-2)?
27
Let z(a) = -2*a**2 + 12*a + 9. Calculate z(7).
-5
Let u(z) = 5*z + 25. What is u(-3)?
10
Let h(r) = -18*r - 89. What is h(-5)?
1
Let w(b) = 36*b**3 - 3*b + 1. Calculate w(1).
34
Let l(t) = -2*t + 8. Calculate l(6).
-4
Let c(w) = -w**2 - 6*w + 24. Calculate c(-10).
-16
Let s(c) = c**2 + 6*c. Determine s(-5).
-5
Let n(y) = -y**2 + 9*y - 22. Give n(9).
-22
Let p(g) = -g**3 + 2*g - 4. What is p(2)?
-8
Let t(x) = -x - 15. Determine t(-6).
-9
Let u(z) = -z**3 - 4*z**2 - 3*z - 29. Determine u(-4).
-17
Let y(r) = -17*r + 1. What is y(-2)?
35
Let v(g) = g**2 - 7*g + 4. Determine v(5).
-6
Let a(v) = -v + 14. Determine a(0).
14
Let n(v) = v**3 - 7*v**2 - 9*v + 7. Determine n(8).
-1
Let p(s) = -s**3 - 94*s**2 - 90*s + 279. Give p(-93).
0
Let w(n) = n - 8. Determi